 -9*t**3 - t**2. Let n be 85/(-170)*1*2. What is d(n)?
8
Let r(p) = 3 - 3*p + 13*p - 12*p. Suppose 0 = -3*l + 5*f + 7, -2*l + 10 = -0*f + 2*f. Give r(l).
-5
Let k(b) = b**3 + 10*b + 10 - 21*b + 12*b. Calculate k(0).
10
Let s(v) be the second derivative of -v**5/20 - 3*v**4/4 - 7*v**3/6 + 9*v**2/2 + 3*v. Let l be 12/(-9) - 7/((-42)/(-40)). Determine s(l).
1
Let n(y) be the second derivative of y**3/6 + 19*y**2/2 + 2*y - 14. Give n(0).
19
Let z be -58 - 2/(-2 + 1) - 0. Let n = 51 + z. Let i(v) = -3*v - 7. What is i(n)?
8
Let m(j) be the third derivative of j**5/60 - 17*j**4/24 - 23*j**3/6 + 121*j**2. Determine m(18).
-5
Suppose -15*f = -10*f - 40. Suppose 0*c = -2*c - 5*j - 16, c + 2*j + f = 0. Let q(w) = -w**3 - 9*w**2 - 9*w - 9. Determine q(c).
-1
Suppose 4*p = -3*o - 23, -25 = 5*p + 5*o - 0. Let y(k) = k**2 + 11*k + 20. What is y(p)?
-4
Let l(h) = 3*h - 7. Let q(z) = 4*z - 80. Let r be q(22). What is l(r)?
17
Let a(t) = t - 6. Let b be 215/2 - (-5)/10. Let z = -102 + b. Calculate a(z).
0
Let o(r) = -3 + 4 - 1 - r + 2. Let k = 13 + -5. Suppose -a - 6 = -3*c, 0 = 7*c - 3*c + 3*a - k. Calculate o(c).
0
Let f(t) = 11*t**2 - t - 1. Let h(x) = x - 7. Let c be h(17). Suppose 0 = -c*b + 13*b + 3. What is f(b)?
11
Let m(d) = -d**3 + d**2 - 3. Let b(n) = n**3 + 7*n**2 + n + 7. Let p be ((-14)/(-8))/(20/(-80)). Let v be b(p). Calculate m(v).
-3
Let m(w) = w**3 + w**2 - w - 8. Let s(p) = 2*p - 3. Let r be s(3). Suppose r*b + 14 = 5*z, -z = 2*b - 2*z. Let g be (-6)/(-27) + b/(-9). Calculate m(g).
-8
Let c(m) = -6 + 4*m - 16 + 10 - 1. Calculate c(7).
15
Let f = -32 - -45. Let i(a) = f*a - 6 + 7 - 14*a. Give i(3).
-2
Let y(i) = i**2 + 4*i - 7. Suppose w - t - 14 = 0, -3*w + 16 = -5*t - 30. Suppose 9 = 3*q - w. Let o be 10/(-35) - 33/q. Give y(o).
-2
Let c = -5 + 2. Let k(u) = u + 6*u - u**2 - 2*u + 2*u**2 - 3*u - 4. Give k(c).
-1
Let s(g) = -g**3 - 27*g**2 + 25*g - 54. Let n be s(-28). Let p(t) = 3 - 24*t - n*t - 1 + 53*t. Let k(l) = 2*l**3 - 2*l**2 - 2*l + 2. Let y be k(2). Give p(y).
-4
Let y(o) = -o**3 + 4*o**2 - 4*o + 5. Let n be y(3). Let h(k) = 7 - 1 - k - 2*k + n*k. Give h(0).
6
Let n(z) be the first derivative of -z**3/3 - z**2/2 - z + 21. Let r(h) = -6*h**2 - 2*h - 7. Let w(a) = -5*n(a) + r(a). Calculate w(2).
0
Let i(u) be the first derivative of -u**3 + 4*u + 73. Give i(3).
-23
Let f(i) = -i + 1. Let k = -1636 - -1641. Determine f(k).
-4
Let a(r) = -r + 60 - r**2 - 2*r**3 - 25 + r**3. Let u be a(0). Suppose 8*o - o + u = 0. Let j(h) = h**3 + 6*h**2 + 5*h - 7. Determine j(o).
-7
Let x(a) = -2*a**3 - 2*a**2 + a - 1. Suppose -46*j - 96 = -14*j. Determine x(j).
32
Let y(n) = 36*n - 17. Let d(b) = -6*b. Let j(m) = 5*d(m) + y(m). Determine j(2).
-5
Let u = -16 - -30. Let l be (-3 - u/(-4))*(6 - 14). Let x(o) = -o - 3. Calculate x(l).
1
Let h be 92/16 - (2 + 35/(-28)). Let c(g) = -3*g**2 + 7*g - 2. What is c(h)?
-42
Let j(v) = v**3 + 5*v**2 - 32*v - 8. Let o(c) = 2*c**3 + 10*c**2 - 55*c - 15. Let i(p) = 5*j(p) - 3*o(p). Determine i(-6).
11
Let h(n) be the first derivative of n**2 - 4*n + 207. Give h(-8).
-20
Let n(m) = m + 7. Let a(z) = z**2 + 4*z - 7. Let v(f) = f - 1. Let p be v(-5). Let w be a(p). Suppose -o + w*u = -5, -5*o - u - 3*u + 25 = 0. Determine n(o).
12
Let t(q) = q**3 + 4*q**2 + 2. Let z(p) = 0*p - 2 + p - 2 + 0*p. Let f be z(0). Give t(f).
2
Suppose -3*h + 0*h + 6 = 0, -4*h = 3*t - 29. Let o(i) = 2*i - 3. Determine o(t).
11
Let v(a) = 7*a + 5*a - 2 - 4*a**2 + 7. Suppose -2*j - 2*o = 6, -3*j + 3*o - 1 - 14 = 0. Let u(k) = 3*k**2 - 11*k - 5. Let l(t) = j*v(t) - 5*u(t). What is l(-4)?
-7
Let t(d) = d + 5. Let m = -5 + 25. Let l = m + -29. Let x be 3 + l + 2 + -1. What is t(x)?
0
Let c be (-1)/(9/222)*-3. Suppose 2*x + z + c = -x, -3*x - 3*z - 84 = 0. Let l = 20 + x. Let v(m) = m + 5. Determine v(l).
2
Let j(n) = 2*n**2 + 23*n + 68. Let x(k) = k**2 + 8*k + 26. Let h(u) = -3*j(u) + 8*x(u). What is h(3)?
7
Suppose 0 = 13*h + 59*h - 72. Let f(b) = 7*b**3 + 5*b - 4. Determine f(h).
8
Let j(o) = o + 2. Let t(z) = 5*z + 12. Let f(h) = 6*j(h) - t(h). Let d be 3 - 9 - (-2 + 1). Determine f(d).
-5
Suppose 3*q - 15 = 5*s + 9, -4*s - 27 = -5*q. Suppose -12*a + 9*a + 9 = 0. Let i(p) = 0*p + p + 3*p + 3 - a*p. What is i(q)?
6
Let w(m) = -m. Let i(a) be the second derivative of a**4/12 + a**3 - a**2/2 - a. Let t(z) = i(z) + 6*w(z). Let r be (-1)/(-3) + (-1)/3. Give t(r).
-1
Let t = 6 + -2. Let w(b) = 16*b + b - 4 - 8*b + 2*b**2 - 6*b - 7*b. Calculate w(t).
12
Suppose 0*m + 5*k - 22 = -m, k = 5. Let n(y) be the third derivative of 1/24*y**4 + 0*y + 1/60*y**5 - y**2 + 1/3*y**3 + 0. Determine n(m).
8
Let y(v) be the first derivative of v**2 + 9*v + 3. Let r = -4 - 3. Determine y(r).
-5
Let i = -3 - -1. Suppose 205 = 6*h - 77. Let o(z) = h*z - 25*z + z**3 - 21*z. What is o(i)?
-10
Let l(g) = -11*g - 5. Let k(h) = 20*h + 9. Let x(t) = 3*k(t) + 5*l(t). Calculate x(-3).
-13
Let l(q) = 0*q**3 - 4*q**3 + 7*q**3 - 2*q**3 - 5*q - 5*q**2 - 6. Give l(6).
0
Let h(n) = n**3 + 9*n**2 + 5. Let o(s) be the second derivative of -s**4/12 + s**3/6 + 11*s**2/2 + 22*s. Let w be o(-4). Give h(w).
5
Let t(m) = m**3 - 9 - 2*m + m - 2. Let w be 53/17 + (-6)/51. Suppose -5*s + w*b = -2*b + 5, 0 = -s + 3*b - 3. Determine t(s).
-11
Let f(r) = -r - 1. Suppose 3*o + 3 = 5*o - 3*w, 0 = 3*o + 5*w + 43. Give f(o).
5
Let t = 6170 + -6165. Let q(s) = 4*s - 1. Let v(r) = -r. Let u(n) = 4*q(n) + 14*v(n). Calculate u(t).
6
Let a(y) = -y**3 - 6*y**2 - 7*y + 3. Let c = -1383 - -1379. Calculate a(c).
-1
Let p(b) = -b**2 + 7*b + 4. Let w(m) = -9*m**2 + 8. Let c be w(0). Determine p(c).
-4
Let c(u) = u**3 + 2. Suppose 6 - 22 = -l. Let y be ((l - 0)/(-4))/2. Give c(y).
-6
Let q(c) = -5*c**3 + 20*c**2 - 5*c + 23. Let b be q(4). Let z(r) = 0*r**2 + 2*r - r**2 + 6 - 5. Give z(b).
-2
Let b(q) = -q**2 - 17*q - 57. Let n be b(-11). Suppose n*s - 28 - 17 = 0. Let z(r) be the second derivative of r**4/12 - 5*r**3/6 - 3*r**2/2 + r. Give z(s).
-3
Let i(j) be the first derivative of -2*j**3/3 + j**2 + 1. Suppose 3*f + 8 = -c + 2*c, -4*f = -3*c + 19. Suppose c*x = 2*x + 6. Calculate i(x).
-4
Let s(g) = 2*g**2 + 12*g + 10. Let j(i) = -i**2 + 0*i + i - 7*i - 5. Let y(d) = 11*j(d) + 6*s(d). Let n(t) = t - 4. Let r be n(0). What is y(r)?
-3
Let v(i) = 28*i - 63*i + 28*i - 6. Calculate v(-4).
22
Let j be (-101)/11 - 4/(-22). Let m(v) = -v - 15. Let a be m(j). Let f(n) = -n**2 - 6*n - 7. What is f(a)?
-7
Let p(c) = 6*c**3 - 2*c**2 + 2*c - 1. Let f = -23 - -31. Let r be 4 + -6*4/f. Calculate p(r).
5
Let v(t) = -9*t**3 - t**2 - 5*t + 10. Let g(z) = -4*z**3 - z**2 - 2*z + 5. Let s(p) = -7*g(p) + 3*v(p). Let h = 962 + -966. What is s(h)?
-1
Let f(h) be the second derivative of -h**5/20 - 7*h**4/12 - h**3/3 - 9*h**2/2 + 127*h + 2. What is f(-7)?
5
Suppose 6*g - g + 5*z = -20, -3*g + 3*z = 0. Let h(v) = -4*v**2 + v - 2. Determine h(g).
-20
Suppose -2*p - 4*h = -224, -2*h = -5*h - 3. Let s be p/(-21)*(-1 - 6). Let i = s + -42. Let b(j) = j**3 + 5*j**2 + 6*j + 2. Determine b(i).
-6
Let w = 5 + -1. Suppose 3*q + n = -n + 10, w = 2*q + 4*n. Let f(h) = q - 16 - h - 4*h + 6*h. What is f(0)?
-12
Suppose -19*z + 369 = -11. Let m be 2/(-7) - 138/7. Let w = z + m. Let f(c) = -c**3 - c + 3. What is f(w)?
3
Let i(d) = -d + 10*d**3 + 2*d**3 + 0*d - 2*d**2 - 13*d**3. Let y(j) = -j**3 - 5*j**2 - 1. Suppose 26 - 6 = -4*g. Let q be y(g). Determine i(q).
0
Suppose 0 = -4*w + 3*w - 31. Let i = w + 29. Let d(c) = 4*c. Determine d(i).
-8
Let z(s) = -2*s - 5. Suppose 3*g - 4*g = -3. Suppose -n - 1 = 0, 5*n = -2*b + g*n - 12. Determine z(b).
5
Suppose -m + 5 + 0 = 0. Let k = -49 + 55. Suppose 1 - k = m*b. Let x(o) = 2*o - 1. Calculate x(b).
-3
Let a(f) = -18*f - 11 - 4*f**2 + 3*f**2 + 1 - 2. Determine a(-17).
5
Let d be 7 - (-8 - (-40)/4). Let y(o) = -o**2 + 2*o + 5. Determine y(d).
-10
Let q(u) = u**3 + 9*u**2 + 7*u + 6. Let f(r) = -r**3 - 23*r**2 - r - 31. Let y be f(-23). Determine q(y).
14
Let b(y) = 5*y + 11. Let z(w) = -11*w - 23. Let h(x) = 13*b(x) + 6*z(x). Let q be (3 + (4 - 9))/(2/(-7)). Determine h(q).
-2
Let q(g) = -1 + 15*g**3 - 16*g**3 + g + 4*g**2 + 3*g - 6*g. Let z be q(3). Let r be (10/(-20))/(z/24). Let i(v) = 3*v + 4. What is i(r)?
-14
Suppose 3*v = -v - 2*v. Let p(u) = u**3 - 2*u - 1. Determine p(v).
-1
Let k be 12/(-10)*(